{"id":528,"date":"2019-08-14T12:19:08","date_gmt":"2019-08-14T11:19:08","guid":{"rendered":"http:\/\/chatteriefelynxs.fr\/site\/?page_id=528"},"modified":"2019-08-27T22:43:45","modified_gmt":"2019-08-27T21:43:45","slug":"sante","status":"publish","type":"page","link":"http:\/\/chatteriefelynxs.fr\/site\/sante\/","title":{"rendered":"Sant\u00e9"},"content":{"rendered":"<p><span class=\"_5yl5\">La sant\u00e9 de nos chats est primordiale !<br \/>\n<\/span><span class=\"_5yl5\">Nos f\u00e9lins sont suivis par :<br \/>\n<\/span><span class=\"_5yl5\">&#8211; Dr Nicolas Bongrand (sp\u00e9cialiste en orthop\u00e9die, Cuers)<br \/>\n&#8211; Dr Fr\u00e9d\u00e9ric Pinto (sp\u00e9cialiste en maladie virale, Marseille)<br \/>\n&#8211; Dr Andrea Del Carro (v\u00e9t\u00e9rinaire sp\u00e9cialis\u00e9 en reproduction f\u00e9line, Monaco)<br \/>\n&#8211; Dr G\u00e9rard Haroutunian (v\u00e9t\u00e9rinaire cardiologue, Aix en Provence)<br \/>\n&#8211; Dr Alandry, Dr Mouly et Dr Ardibus (m\u00e9decine g\u00e9n\u00e9rale, Cuers)<br \/>\n&#8211; La clinique v\u00e9t\u00e9rinaire La Clauvade \u00e0 Cuers (h\u00f4pital), Vet Plus \u00e0 La Farlede et Olliolis (centre de cas r\u00e9f\u00e9r\u00e9s).<\/span><\/p>\n<h3><span class=\"_5yl5\">Vaccination<\/span><\/h3>\n<p><span class=\"_5yl5\">T<\/span><span class=\"_5yl5\">ous nos chats sont \u00e0 jour des vaccins : typhus, leucose, coryza, chlamydiose et rage.<\/span><\/p>\n<h3>Maladies<\/h3>\n<p><span class=\"_5yl5\">Tous nos chats sont d\u00e9pist\u00e9s et n\u00e9gatifs pour la FIV (Virus de l\u2019immunod\u00e9ficience f\u00e9line) et FELV (feline leukemia virus ou leucose f\u00e9line).<\/span><\/p>\n<h3><span class=\"_5yl5\">Maladies virales <\/span><\/h3>\n<p><span class=\"_5yl5\">Nos chats sont tous d\u00e9pist\u00e9s et n\u00e9gatifs par PCR : Calcivirus \/ Herpesvirus &amp; Coronavirus via le laboratoire Scanelis.<\/span><\/p>\n<h3><span class=\"_5yl5\">Maladies g\u00e9n\u00e9tiques<\/span><\/h3>\n<p><span class=\"_5yl5\">Le d\u00e9pistage est notre priorit\u00e9 et d\u2019avoir des chats sains est notre objectif Num\u00e9ro 1! Le Maine Coon est sujet a \u00eatre touch\u00e9 par 4 maladies g\u00e9n\u00e9tiques! Tous nos chats sont n\u00e9gatifs pour les maladies HCM, SMA, PKD, PKDef par ADN + \u00e9chographie via notre v\u00e9t\u00e9rinaire (Clinique V\u00e9t\u00e9rinaire de La Clauvade, Cuers), les laboratoires G\u00e9nindexe \/ Antag\u00e8ne et le Docteur G. Haroutunian sp\u00e9cialiste et r\u00e9f\u00e9rence en cardiologie.<\/span><\/p>\n<div class=\"_5w1r _3_om _5wdf\">\n<div class=\"_4gx_\">\n<div class=\"_1aa6\">\n<div class=\"\"><span class=\"_5yl5\">Voyons de plus pr\u00eat ces maladies g\u00e9n\u00e9tiques :<\/span><\/div>\n<div><\/div>\n<\/div>\n<h4><\/h4>\n<h4>La HCM<\/h4>\n<p><span class=\"_5yl5\">La cardiomyopathie hypertrophique ou HCM (en anglais Hypertrophic Cardio-Myopathy), est une maladie de l\u2019adulte et du jeune adulte. C\u2019est un \u00e9paississement des parois du muscle cardiaque. Le c\u0153ur qui a un r\u00f4le de pompe, ne joue plus correctement son r\u00f4le et ceci cr\u00e9er divers troubles. La majorite\u0301 des chats est asymptomatique jusqu\u2019au de\u0301veloppement d\u2019une insuffisance cardiaque congestive aigue\u0308 (arythmies, \u0153de\u0300me pulmonaire, e\u0301panchement pleural..) La HCM peut e\u0302tre de\u0301couverte fortuitement lors d\u2019un examen clinique de routine, par l\u2019audition d\u2019un souffle cardiaque ou d\u2019un bruit de galop. Dans certains cas, le\u0301thargie et anorexie ou difficulte\u0301s respiratoires (dyspne\u0301e, toux) sont les seuls sympto\u0302mes. L\u2019origine de la maladie peut e\u0302tre conge\u0301nitale, he\u0301re\u0301ditaire ou bien acquise. La HCM a e\u0301te\u0301 identifie\u0301e en 2005, dans un ge\u0300ne appele\u0301 MyBPC3.<\/span><\/p>\n<p>Un test ge\u0301ne\u0301tique est disponible avec trois r\u00e9sultats possibles :<\/p>\n<ul>\n<li><span class=\"_5yl5\">les chats porteurs d\u2019une copie mute\u0301e du ge\u0300ne (dits he\u0301te\u0301rozygotes) sont a\u0300 risque de de\u0301velopper une forme he\u0301re\u0301ditaire de HCM. Ils transmettent la mutation \u00e0 50 % de leur descendance.\u00a0 <\/span><\/li>\n<li><span class=\"_5yl5\">les chats porteurs de deux copies mute\u0301es du ge\u0300ne (dits homozygotes) sont a\u0300 fort risque de de\u0301velopper une forme he\u0301re\u0301ditaire de HCM. Ils transmettent la mutation a\u0300 100 % de leur descendance<\/span><\/li>\n<li><span class=\"_5yl5\">\u00a0les chats ne portant pas la mutation du ge\u0300ne (dits homozygote normaux) ne de\u0301velopperont pas la forme he\u0301re\u0301ditaire de HCM. Ils ne transmettent pas la mutation. Attention : il existe d\u2019autres formes de HCM. De ce fait, un chat homozygotes normal N\/N pour MyBPC3 peut de\u0301velopper une autre forme de HCM que celle lie\u0301e au ge\u0300ne MyBPC3.<\/span><\/li>\n<\/ul>\n<h4>La PKD<\/h4>\n<p><span class=\"_5yl5\">La polykystose re\u0301nale (ou Polycystic Kidney Disease en anglais.) Il s\u2019agit d\u2019une maladie re\u0301nale qui se traduit par l\u2019envahissement progressif du rein des chats atteints par des kystes remplis de liquide. Le nombre et la taille de ces kystes augmentent avec l\u2019a\u0302ge du chat et lorsque le tissu re\u0301nal n\u2019est plus suffisamment pre\u0301sent pour assurer les fonctions d\u2019e\u0301puration, il se de\u0301veloppe une insuffisance re\u0301nale chronique incurable. Cette maladie se traduit par des sympto\u0302mes varie\u0301s dont : de\u0301pression, perte d\u2019appe\u0301tit, le\u0301thargie, vomissements, polydipsie (augmentation de la prise de boisson), polyurie (augmentation du volume des urines), perte de poids. L\u2019apparition des sympto\u0302mes d\u2019insuffisance re\u0301nale peut e\u0302tre en moyenne de 2 a\u0300 10 ans. Il n\u2019existe pas de traitement spe\u0301cifique de la PKD.<\/span><\/p>\n<p><span class=\"_5yl5\">La PKD est une maladie he\u0301re\u0301ditaire et peut e\u0302tre de\u0301piste\u0301e de deux fac\u0327ons diffe\u0301rentes : <\/span><\/p>\n<ul>\n<li><span class=\"_5yl5\"> Une e\u0301chographie des reins, vers l\u2019\u00e2ge de 10mois pour voir si des kystes sont pre\u0301sents dans les reins. <\/span><\/li>\n<li><span class=\"_5yl5\">Le test ADN du ge\u0300ne et de la mutation (appele\u0301e PKD1) responsables de la PKD. Deux r\u00e9sultats possibles : <\/span>\n<ul>\n<li style=\"list-style-type: none;\">\n<ul>\n<li><span class=\"_5yl5\">Homozygote normal pour la mutation PKD1 (non porteur) : le chat ne de\u0301veloppera pas et ne transmettra pas la maladie a\u0300 sa descendance. <\/span><\/li>\n<li><span class=\"_5yl5\">He\u0301te\u0301rozygote pour la mutation PKD1 (porteur) : le chat de\u0301veloppera la maladie et transmettra la mutation a\u0300 50 % de sa descendance en moyenne.<\/span><\/li>\n<\/ul>\n<\/li>\n<\/ul>\n<\/li>\n<\/ul>\n<h4>La SMA<\/h4>\n<p><span class=\"_5yl5\">C\u2019est une maladie he\u0301re\u0301ditaire neuromusculaire qui se traduit par une amyotrophie spinale ou atrophie musculaire spinale (appele\u0301e SMA pour Spinal Muscular Atrophy en anglais). La SMA se manifeste par des sympto\u0302mes visibles chez les chatons de\u0300s 3 a\u0300 4 mois. Ces premiers sympto\u0302mes sont une de\u0301marche anormale et des tremblements musculaires discrets, en particulier sur les membres poste\u0301rieurs. Par la suite, une faiblesse musculaire apparai\u0302t, puis une amyotrophie (vers 4 a\u0300 5 mois d\u2019a\u0302ge). Apre\u0300s 4 a\u0300 8 mois de progression de la maladie, l\u2019e\u0301tat du chat atteint peut se stabiliser. Malgre\u0301 une amyotrophie marque\u0301e, certains chats sont capables de se de\u0301placer et peuvent vivre plusieurs anne\u0301es avec la maladie. A ce jour il n\u2019existe aucun traitement curatif pour la SMA du Maine Coon. La SMA est une maladie he\u0301re\u0301ditaire due a\u0300 une de\u0301le\u0301tion d\u2019un ge\u0300ne appele\u0301 LIX1. Le mode de transmission de la maladie est autosomique re\u0301cessif. Les chatons atteints naissent de parents indemnes, qui sont des porteurs sains. Le mariage de deux porteurs sains produit en moyenne 25 % de chatons atteints et 50 % de chatons porteurs sains. Un chat peut donc avoir l\u2019un des trois statuts ge\u0301ne\u0301tiques suivants pour la SMA : <\/span><\/p>\n<ul>\n<li><span class=\"_5yl5\">ge\u0301notype N\/N : chat homozygote normal non atteint, donc chat indemne et non porteur ;<\/span><\/li>\n<li><span class=\"_5yl5\">ge\u0301notype N\/LIX1 : chat he\u0301te\u0301rozygote non atteint par la SMA, mais c&rsquo;est un porteur sain. Aucun sympt\u00f4me mais transmettra la mutation \u00e0 50%. <\/span><\/li>\n<li><span class=\"_5yl5\">ge\u0301notype LIX1\/LIX1 : chat homozygote mute\u0301 est atteint de SMA.<\/span><\/li>\n<\/ul>\n<h4>La PKDef<\/h4>\n<p><span class=\"_5yl5\">La De\u0301ficience en Pyruvate Kinase, ou PKDef, est une maladie ge\u0301ne\u0301tique due a\u0300 une mutation du ge\u0300ne codant la PK (pyruvate kinase). C\u2019est une enzyme qui intervient dans le me\u0301tabolisme e\u0301nerge\u0301tique par de\u0301gradation des sucres dans les globules rouges. Si ces derniers manquent de PK, le me\u0301tabolisme en souffrira et les globules rouges seront de\u0301truits (he\u0301molyse), d&rsquo;ou\u0300 une ane\u0301mie chez le chat atteint. Les signes cliniques seront ceux d&rsquo;une ane\u0301mie non spe\u0301cifique : fatigue, essoufflement, pa\u0302leur des muqueuses, &#8230; Cette ane\u0301mie peut e\u0302tre plus ou moins grave, la dure\u0301e de vie des chats atteints variant de un a\u0300 treize ans car cette ane\u0301mie est re\u0301ge\u0301ne\u0301rative et peut donc apparai\u0302tre de fac\u0327on intermittente, avec des phases de re\u0301mission dans l&rsquo;e\u0301volution de la maladie. Il s\u2019agit d\u2019une mutation autosomique, (non lie\u0301e au sexe) et re\u0301cessive ce qui signifie que pour e\u0302tre atteint par la maladie, le chat doit avoir a\u0300 la fois l&rsquo;alle\u0300le mute\u0301 transmis par son pe\u0300re et l&rsquo;alle\u0300le mute\u0301 transmis par sa me\u0300re, donc e\u0302tre homozygote pour l\u2019alle\u0300le mute\u0301 (il porte 2 copies de la mutation).<br \/>\nEn notant \u00ab N \u00bb l&rsquo;alle\u0300le (\u00ab normal \u00bb) ne portant pas la mutation et PKLR l&rsquo;alle\u0300le mute\u0301 (on reprend le nom de la mutation), ainsi qu&rsquo;il est note\u0301 sur les pedigrees, on aura ainsi trois cas :\u00a0<\/span><\/p>\n<ul>\n<li><span class=\"_5yl5\"> ge\u0301notype N\/N : le chat n&rsquo;a pas la PKDef, chat indemne et non porteur ; <\/span><\/li>\n<li><span class=\"_5yl5\">ge\u0301notype N\/PKLR : le chat n&rsquo;est pas atteint par la PKDef, c&rsquo;est un porteur sain sans sympt\u00f4mes mais transmettra la mutation \u00e0 50%. <\/span><\/li>\n<li><span class=\"_5yl5\">ge\u0301notype PKLR\/PKLR, le chat homozygote mute\u0301 sera atteint par la PKDef.<\/span><\/li>\n<\/ul>\n<\/div>\n<\/div>\n","protected":false},"excerpt":{"rendered":"<p>La sant\u00e9 de nos chats est primordiale ! Nos f\u00e9lins sont suivis par : &#8211; Dr Nicolas Bongrand (sp\u00e9cialiste en orthop\u00e9die, Cuers) &#8211; Dr Fr\u00e9d\u00e9ric Pinto (sp\u00e9cialiste en maladie virale, Marseille) &#8211; Dr Andrea Del Carro (v\u00e9t\u00e9rinaire sp\u00e9cialis\u00e9 en reproduction f\u00e9line, Monaco) &#8211; Dr G\u00e9rard Haroutunian (v\u00e9t\u00e9rinaire cardiologue, Aix en Provence) &#8211; Dr Alandry, Dr <a class=\"read-more\" href=\"http:\/\/chatteriefelynxs.fr\/site\/sante\/\">Read More<\/a><\/p>\n","protected":false},"author":1,"featured_media":0,"parent":0,"menu_order":0,"comment_status":"closed","ping_status":"closed","template":"","meta":{"footnotes":""},"class_list":["post-528","page","type-page","status-publish","hentry"],"_links":{"self":[{"href":"http:\/\/chatteriefelynxs.fr\/site\/wp-json\/wp\/v2\/pages\/528","targetHints":{"allow":["GET"]}}],"collection":[{"href":"http:\/\/chatteriefelynxs.fr\/site\/wp-json\/wp\/v2\/pages"}],"about":[{"href":"http:\/\/chatteriefelynxs.fr\/site\/wp-json\/wp\/v2\/types\/page"}],"author":[{"embeddable":true,"href":"http:\/\/chatteriefelynxs.fr\/site\/wp-json\/wp\/v2\/users\/1"}],"replies":[{"embeddable":true,"href":"http:\/\/chatteriefelynxs.fr\/site\/wp-json\/wp\/v2\/comments?post=528"}],"version-history":[{"count":8,"href":"http:\/\/chatteriefelynxs.fr\/site\/wp-json\/wp\/v2\/pages\/528\/revisions"}],"predecessor-version":[{"id":661,"href":"http:\/\/chatteriefelynxs.fr\/site\/wp-json\/wp\/v2\/pages\/528\/revisions\/661"}],"wp:attachment":[{"href":"http:\/\/chatteriefelynxs.fr\/site\/wp-json\/wp\/v2\/media?parent=528"}],"curies":[{"name":"wp","href":"https:\/\/api.w.org\/{rel}","templated":true}]}}