{"id":260,"date":"2019-08-06T15:36:18","date_gmt":"2019-08-06T14:36:18","guid":{"rendered":"http:\/\/chatteriefelynxs.fr\/site\/?page_id=260"},"modified":"2019-08-14T12:46:13","modified_gmt":"2019-08-14T11:46:13","slug":"pr-joker-de-laf-91216","status":"publish","type":"page","link":"http:\/\/chatteriefelynxs.fr\/site\/pr-joker-de-laf-91216\/","title":{"rendered":"Joker de Laf 91216"},"content":{"rendered":"<h3><span class=\"_5yl5\">dit \u00ab\u00a0Giteau\u00a0\u00bb<br \/>\n<\/span><\/h3>\n<p><img loading=\"lazy\" decoding=\"async\" class=\"alignnone size-full wp-image-295\" src=\"http:\/\/chatteriefelynxs.fr\/site\/wp-content\/uploads\/2019\/08\/giteau-33.jpg\" alt=\"\" width=\"539\" height=\"960\" srcset=\"http:\/\/chatteriefelynxs.fr\/site\/wp-content\/uploads\/2019\/08\/giteau-33.jpg 539w, http:\/\/chatteriefelynxs.fr\/site\/wp-content\/uploads\/2019\/08\/giteau-33-168x300.jpg 168w\" sizes=\"auto, (max-width: 539px) 100vw, 539px\" \/><\/p>\n<p><strong>M\u00e2le neutre &#8211; N\u00e9 le <span class=\"_5yl5\">19\/10\/2014<br \/>\nRed smoke (MCO ds)<br \/>\nPoids : 8kg<\/span><\/strong><\/p>\n<p><span class=\"_5yl5\"><strong>P\u00e8re : Goliath du G\u00e9ant Bleu<\/strong><br \/>\n<strong>M\u00e8re : Jonda de la Caverne des Lynx<\/strong><br \/>\n<span style=\"color: #008000;\"><strong><a style=\"color: #008000;\" href=\"https:\/\/pawpeds.com\/db\/?a=p&amp;ids=3:1326785;2:1227458&amp;g=4&amp;p=mco&amp;date=iso&amp;o=ajgrep\" target=\"_blank\" rel=\"noopener noreferrer\">Pedigree<\/a><\/strong><\/span><br \/>\n<\/span><\/p>\n<p><span class=\"_5yl5\"> Notre ours polaire de la maison ! C\u2019est notre 1er Coon et avec qui l\u2019aventure a commenc\u00e9 en 2015 ! C\u2019est un chat tr\u00e8s attachant, un caract\u00e8re tr\u00e8s expressif. De nature curieux, malin, r\u00e2leur, c\u2019est surtout monsieur b\u00eatise ! Bref on s\u2019ennuie pas avec lui. Giteau est un chat avec un joli corps et une belle ossature, un joli profil et un fort menton. Il est surtout un chat tr\u00e8s harmonieux, homog\u00e8ne et bien proportionn\u00e9. <\/span><\/p>\n<h3>Sant\u00e9<\/h3>\n<p><span class=\"_5yl5\"><strong>HCM, PKD, PKDef, SMA :<\/strong> n\u00e9gatif (Laboratoire Genindexe<\/span><span class=\"_5yl5\">)<br \/>\n<strong>FIV et FELV :<\/strong> n\u00e9gatif<br \/>\n<strong>Calcivirus \/ Herpes et Coronavirus :<\/strong> n\u00e9gatif en (2019 &#8211; Laboratoire Scanelis).<br \/>\n<strong>\u00c9chographie cardiaque et r\u00e9nale :<\/strong> n\u00e9gatif\u00a0 (mars 2019\u00a0 &#8211; Dr G. Haroutunian)<\/span><\/p>\n<h3>Palmar\u00e8s<\/h3>\n<p><span class=\"_5yl5\">LOOF : Grand Premior International &amp; Supr\u00eame Premior.<br \/>\nFIF\u00e9 : Premior International<br \/>\n<\/span><\/p>\n<h3>Galerie photos<\/h3>\n<div class=\"foogallery foogallery-container foogallery-default foogallery-lightbox-foobox fg-gutter-10 fg-center fg-default fg-light fg-shadow-outline fg-loading-default fg-loaded-fade-in fg-custom fg-caption-hover fg-hover-fade fg-hover-zoom\" id=\"foogallery-gallery-262\" data-foogallery=\"{&quot;item&quot;:{&quot;showCaptionTitle&quot;:true,&quot;showCaptionDescription&quot;:true},&quot;lazy&quot;:true,&quot;src&quot;:&quot;data-src-fg&quot;,&quot;srcset&quot;:&quot;data-srcset-fg&quot;}\" data-fg-common-fields=\"1\" >\r\n\t<div class=\"fg-item\"><figure class=\"fg-item-inner\"><a href=\"http:\/\/chatteriefelynxs.fr\/site\/wp-content\/uploads\/2019\/08\/giteau-33.jpg\" data-attachment-id=\"295\" class=\"fg-thumb\"><span class=\"fg-image-wrap\"><img width=\"130\" height=\"130\" data-src-fg=\"http:\/\/chatteriefelynxs.fr\/site\/wp-content\/uploads\/cache\/2019\/08\/giteau-33\/1492705199.jpg\" class=\"fg-image\" \/><\/span><\/a><figcaption class=\"fg-caption\"><div class=\"fg-caption-inner\"><\/div><\/figcaption><\/figure><div class=\"fg-loader\"><\/div><\/div><div class=\"fg-item\"><figure class=\"fg-item-inner\"><a href=\"http:\/\/chatteriefelynxs.fr\/site\/wp-content\/uploads\/2019\/08\/giteau-32.jpg\" data-attachment-id=\"294\" class=\"fg-thumb\"><span class=\"fg-image-wrap\"><img width=\"130\" height=\"130\" data-src-fg=\"http:\/\/chatteriefelynxs.fr\/site\/wp-content\/uploads\/cache\/2019\/08\/giteau-32\/2671113909.jpg\" class=\"fg-image\" \/><\/span><\/a><figcaption class=\"fg-caption\"><div class=\"fg-caption-inner\"><\/div><\/figcaption><\/figure><div class=\"fg-loader\"><\/div><\/div><div class=\"fg-item\"><figure class=\"fg-item-inner\"><a href=\"http:\/\/chatteriefelynxs.fr\/site\/wp-content\/uploads\/2019\/08\/giteau-31.jpg\" data-attachment-id=\"293\" class=\"fg-thumb\"><span class=\"fg-image-wrap\"><img width=\"130\" height=\"130\" data-src-fg=\"http:\/\/chatteriefelynxs.fr\/site\/wp-content\/uploads\/cache\/2019\/08\/giteau-31\/563031498.jpg\" class=\"fg-image\" \/><\/span><\/a><figcaption class=\"fg-caption\"><div class=\"fg-caption-inner\"><\/div><\/figcaption><\/figure><div class=\"fg-loader\"><\/div><\/div><div class=\"fg-item\"><figure class=\"fg-item-inner\"><a href=\"http:\/\/chatteriefelynxs.fr\/site\/wp-content\/uploads\/2019\/08\/giteau-30.jpg\" data-attachment-id=\"292\" class=\"fg-thumb\"><span class=\"fg-image-wrap\"><img width=\"130\" height=\"130\" data-src-fg=\"http:\/\/chatteriefelynxs.fr\/site\/wp-content\/uploads\/cache\/2019\/08\/giteau-30\/3863086288.jpg\" class=\"fg-image\" \/><\/span><\/a><figcaption class=\"fg-caption\"><div class=\"fg-caption-inner\"><\/div><\/figcaption><\/figure><div class=\"fg-loader\"><\/div><\/div><div class=\"fg-item\"><figure class=\"fg-item-inner\"><a href=\"http:\/\/chatteriefelynxs.fr\/site\/wp-content\/uploads\/2019\/08\/giteau-29.jpg\" data-attachment-id=\"291\" class=\"fg-thumb\"><span class=\"fg-image-wrap\"><img width=\"130\" height=\"130\" data-src-fg=\"http:\/\/chatteriefelynxs.fr\/site\/wp-content\/uploads\/cache\/2019\/08\/giteau-29\/4091506996.jpg\" class=\"fg-image\" \/><\/span><\/a><figcaption class=\"fg-caption\"><div class=\"fg-caption-inner\"><\/div><\/figcaption><\/figure><div class=\"fg-loader\"><\/div><\/div><div class=\"fg-item\"><figure class=\"fg-item-inner\"><a href=\"http:\/\/chatteriefelynxs.fr\/site\/wp-content\/uploads\/2019\/08\/giteau-28.jpg\" data-attachment-id=\"290\" class=\"fg-thumb\"><span class=\"fg-image-wrap\"><img width=\"130\" height=\"130\" data-src-fg=\"http:\/\/chatteriefelynxs.fr\/site\/wp-content\/uploads\/cache\/2019\/08\/giteau-28\/873617454.jpg\" class=\"fg-image\" \/><\/span><\/a><figcaption class=\"fg-caption\"><div class=\"fg-caption-inner\"><\/div><\/figcaption><\/figure><div class=\"fg-loader\"><\/div><\/div><div class=\"fg-item\"><figure class=\"fg-item-inner\"><a href=\"http:\/\/chatteriefelynxs.fr\/site\/wp-content\/uploads\/2019\/08\/giteau-27.jpg\" data-attachment-id=\"289\" class=\"fg-thumb\"><span class=\"fg-image-wrap\"><img width=\"130\" height=\"130\" data-src-fg=\"http:\/\/chatteriefelynxs.fr\/site\/wp-content\/uploads\/cache\/2019\/08\/giteau-27\/1471287094.jpg\" class=\"fg-image\" \/><\/span><\/a><figcaption class=\"fg-caption\"><div class=\"fg-caption-inner\"><\/div><\/figcaption><\/figure><div class=\"fg-loader\"><\/div><\/div><div class=\"fg-item\"><figure class=\"fg-item-inner\"><a href=\"http:\/\/chatteriefelynxs.fr\/site\/wp-content\/uploads\/2019\/08\/giteau-26.jpg\" data-attachment-id=\"288\" class=\"fg-thumb\"><span class=\"fg-image-wrap\"><img width=\"130\" height=\"130\" data-src-fg=\"http:\/\/chatteriefelynxs.fr\/site\/wp-content\/uploads\/cache\/2019\/08\/giteau-26\/2424251948.jpg\" class=\"fg-image\" \/><\/span><\/a><figcaption class=\"fg-caption\"><div class=\"fg-caption-inner\"><\/div><\/figcaption><\/figure><div class=\"fg-loader\"><\/div><\/div><div class=\"fg-item\"><figure class=\"fg-item-inner\"><a href=\"http:\/\/chatteriefelynxs.fr\/site\/wp-content\/uploads\/2019\/08\/giteau-25.jpg\" data-attachment-id=\"287\" class=\"fg-thumb\"><span class=\"fg-image-wrap\"><img width=\"130\" height=\"130\" data-src-fg=\"http:\/\/chatteriefelynxs.fr\/site\/wp-content\/uploads\/cache\/2019\/08\/giteau-25\/1979494771.jpg\" class=\"fg-image\" \/><\/span><\/a><figcaption class=\"fg-caption\"><div class=\"fg-caption-inner\"><\/div><\/figcaption><\/figure><div class=\"fg-loader\"><\/div><\/div><div class=\"fg-item\"><figure class=\"fg-item-inner\"><a href=\"http:\/\/chatteriefelynxs.fr\/site\/wp-content\/uploads\/2019\/08\/giteau-24.jpg\" data-attachment-id=\"286\" class=\"fg-thumb\"><span class=\"fg-image-wrap\"><img width=\"130\" height=\"130\" data-src-fg=\"http:\/\/chatteriefelynxs.fr\/site\/wp-content\/uploads\/cache\/2019\/08\/giteau-24\/2989594729.jpg\" class=\"fg-image\" \/><\/span><\/a><figcaption class=\"fg-caption\"><div class=\"fg-caption-inner\"><\/div><\/figcaption><\/figure><div class=\"fg-loader\"><\/div><\/div><div class=\"fg-item\"><figure class=\"fg-item-inner\"><a href=\"http:\/\/chatteriefelynxs.fr\/site\/wp-content\/uploads\/2019\/08\/giteau-23.jpg\" data-attachment-id=\"285\" class=\"fg-thumb\"><span class=\"fg-image-wrap\"><img width=\"130\" height=\"130\" data-src-fg=\"http:\/\/chatteriefelynxs.fr\/site\/wp-content\/uploads\/cache\/2019\/08\/giteau-23\/2774395900.jpg\" class=\"fg-image\" \/><\/span><\/a><figcaption class=\"fg-caption\"><div class=\"fg-caption-inner\"><\/div><\/figcaption><\/figure><div class=\"fg-loader\"><\/div><\/div><div class=\"fg-item\"><figure class=\"fg-item-inner\"><a href=\"http:\/\/chatteriefelynxs.fr\/site\/wp-content\/uploads\/2019\/08\/giteau-22.jpg\" data-attachment-id=\"284\" class=\"fg-thumb\"><span class=\"fg-image-wrap\"><img width=\"130\" height=\"130\" data-src-fg=\"http:\/\/chatteriefelynxs.fr\/site\/wp-content\/uploads\/cache\/2019\/08\/giteau-22\/1653654246.jpg\" class=\"fg-image\" \/><\/span><\/a><figcaption class=\"fg-caption\"><div class=\"fg-caption-inner\"><\/div><\/figcaption><\/figure><div class=\"fg-loader\"><\/div><\/div><div class=\"fg-item\"><figure class=\"fg-item-inner\"><a href=\"http:\/\/chatteriefelynxs.fr\/site\/wp-content\/uploads\/2019\/08\/giteau-21.jpg\" data-attachment-id=\"283\" class=\"fg-thumb\"><span class=\"fg-image-wrap\"><img width=\"130\" height=\"130\" data-src-fg=\"http:\/\/chatteriefelynxs.fr\/site\/wp-content\/uploads\/cache\/2019\/08\/giteau-21\/3693746585.jpg\" class=\"fg-image\" \/><\/span><\/a><figcaption class=\"fg-caption\"><div class=\"fg-caption-inner\"><\/div><\/figcaption><\/figure><div class=\"fg-loader\"><\/div><\/div><div class=\"fg-item\"><figure class=\"fg-item-inner\"><a href=\"http:\/\/chatteriefelynxs.fr\/site\/wp-content\/uploads\/2019\/08\/giteau-20.jpg\" data-attachment-id=\"282\" class=\"fg-thumb\"><span class=\"fg-image-wrap\"><img width=\"130\" height=\"130\" data-src-fg=\"http:\/\/chatteriefelynxs.fr\/site\/wp-content\/uploads\/cache\/2019\/08\/giteau-20\/468136067.jpg\" class=\"fg-image\" \/><\/span><\/a><figcaption class=\"fg-caption\"><div class=\"fg-caption-inner\"><\/div><\/figcaption><\/figure><div class=\"fg-loader\"><\/div><\/div><div class=\"fg-item\"><figure class=\"fg-item-inner\"><a href=\"http:\/\/chatteriefelynxs.fr\/site\/wp-content\/uploads\/2019\/08\/giteau-19.jpg\" data-attachment-id=\"281\" class=\"fg-thumb\"><span class=\"fg-image-wrap\"><img width=\"130\" height=\"130\" data-src-fg=\"http:\/\/chatteriefelynxs.fr\/site\/wp-content\/uploads\/cache\/2019\/08\/giteau-19\/546074081.jpg\" class=\"fg-image\" \/><\/span><\/a><figcaption class=\"fg-caption\"><div class=\"fg-caption-inner\"><\/div><\/figcaption><\/figure><div class=\"fg-loader\"><\/div><\/div><div class=\"fg-item\"><figure class=\"fg-item-inner\"><a href=\"http:\/\/chatteriefelynxs.fr\/site\/wp-content\/uploads\/2019\/08\/giteau-18.jpg\" data-attachment-id=\"280\" class=\"fg-thumb\"><span class=\"fg-image-wrap\"><img width=\"130\" height=\"130\" data-src-fg=\"http:\/\/chatteriefelynxs.fr\/site\/wp-content\/uploads\/cache\/2019\/08\/giteau-18\/3879814395.jpg\" class=\"fg-image\" \/><\/span><\/a><figcaption class=\"fg-caption\"><div class=\"fg-caption-inner\"><\/div><\/figcaption><\/figure><div class=\"fg-loader\"><\/div><\/div><div class=\"fg-item\"><figure class=\"fg-item-inner\"><a href=\"http:\/\/chatteriefelynxs.fr\/site\/wp-content\/uploads\/2019\/08\/giteau-16.jpg\" data-attachment-id=\"278\" class=\"fg-thumb\"><span class=\"fg-image-wrap\"><img width=\"130\" height=\"130\" data-src-fg=\"http:\/\/chatteriefelynxs.fr\/site\/wp-content\/uploads\/cache\/2019\/08\/giteau-16\/1800333790.jpg\" class=\"fg-image\" \/><\/span><\/a><figcaption class=\"fg-caption\"><div class=\"fg-caption-inner\"><\/div><\/figcaption><\/figure><div class=\"fg-loader\"><\/div><\/div><div class=\"fg-item\"><figure class=\"fg-item-inner\"><a href=\"http:\/\/chatteriefelynxs.fr\/site\/wp-content\/uploads\/2019\/08\/giteau-17.jpg\" data-attachment-id=\"279\" class=\"fg-thumb\"><span class=\"fg-image-wrap\"><img width=\"130\" height=\"130\" data-src-fg=\"http:\/\/chatteriefelynxs.fr\/site\/wp-content\/uploads\/cache\/2019\/08\/giteau-17\/2894315716.jpg\" class=\"fg-image\" \/><\/span><\/a><figcaption class=\"fg-caption\"><div class=\"fg-caption-inner\"><\/div><\/figcaption><\/figure><div class=\"fg-loader\"><\/div><\/div><div class=\"fg-item\"><figure class=\"fg-item-inner\"><a href=\"http:\/\/chatteriefelynxs.fr\/site\/wp-content\/uploads\/2019\/08\/giteau-15.jpg\" data-attachment-id=\"277\" class=\"fg-thumb\"><span class=\"fg-image-wrap\"><img width=\"130\" height=\"130\" data-src-fg=\"http:\/\/chatteriefelynxs.fr\/site\/wp-content\/uploads\/cache\/2019\/08\/giteau-15\/2395831937.jpg\" class=\"fg-image\" \/><\/span><\/a><figcaption class=\"fg-caption\"><div class=\"fg-caption-inner\"><\/div><\/figcaption><\/figure><div class=\"fg-loader\"><\/div><\/div><div class=\"fg-item\"><figure class=\"fg-item-inner\"><a href=\"http:\/\/chatteriefelynxs.fr\/site\/wp-content\/uploads\/2019\/08\/giteau-14.jpg\" data-attachment-id=\"276\" class=\"fg-thumb\"><span class=\"fg-image-wrap\"><img width=\"130\" height=\"130\" data-src-fg=\"http:\/\/chatteriefelynxs.fr\/site\/wp-content\/uploads\/cache\/2019\/08\/giteau-14\/1224759195.jpg\" class=\"fg-image\" \/><\/span><\/a><figcaption class=\"fg-caption\"><div class=\"fg-caption-inner\"><\/div><\/figcaption><\/figure><div class=\"fg-loader\"><\/div><\/div><div class=\"fg-item\"><figure class=\"fg-item-inner\"><a href=\"http:\/\/chatteriefelynxs.fr\/site\/wp-content\/uploads\/2019\/08\/giteau-13.jpg\" data-attachment-id=\"275\" class=\"fg-thumb\"><span class=\"fg-image-wrap\"><img width=\"130\" height=\"130\" data-src-fg=\"http:\/\/chatteriefelynxs.fr\/site\/wp-content\/uploads\/cache\/2019\/08\/giteau-13\/1584145422.jpg\" class=\"fg-image\" \/><\/span><\/a><figcaption class=\"fg-caption\"><div class=\"fg-caption-inner\"><\/div><\/figcaption><\/figure><div class=\"fg-loader\"><\/div><\/div><div class=\"fg-item\"><figure class=\"fg-item-inner\"><a href=\"http:\/\/chatteriefelynxs.fr\/site\/wp-content\/uploads\/2019\/08\/giteau-12.jpg\" data-attachment-id=\"274\" class=\"fg-thumb\"><span class=\"fg-image-wrap\"><img width=\"130\" height=\"130\" data-src-fg=\"http:\/\/chatteriefelynxs.fr\/site\/wp-content\/uploads\/cache\/2019\/08\/giteau-12\/2577468692.jpg\" class=\"fg-image\" \/><\/span><\/a><figcaption class=\"fg-caption\"><div class=\"fg-caption-inner\"><\/div><\/figcaption><\/figure><div class=\"fg-loader\"><\/div><\/div><div class=\"fg-item\"><figure class=\"fg-item-inner\"><a href=\"http:\/\/chatteriefelynxs.fr\/site\/wp-content\/uploads\/2019\/08\/giteau-11.jpg\" data-attachment-id=\"273\" class=\"fg-thumb\"><span class=\"fg-image-wrap\"><img width=\"130\" height=\"130\" data-src-fg=\"http:\/\/chatteriefelynxs.fr\/site\/wp-content\/uploads\/cache\/2019\/08\/giteau-11\/656135787.jpg\" class=\"fg-image\" \/><\/span><\/a><figcaption class=\"fg-caption\"><div class=\"fg-caption-inner\"><\/div><\/figcaption><\/figure><div class=\"fg-loader\"><\/div><\/div><div class=\"fg-item\"><figure class=\"fg-item-inner\"><a href=\"http:\/\/chatteriefelynxs.fr\/site\/wp-content\/uploads\/2019\/08\/giteau-10.jpg\" data-attachment-id=\"272\" class=\"fg-thumb\"><span class=\"fg-image-wrap\"><img width=\"130\" height=\"130\" data-src-fg=\"http:\/\/chatteriefelynxs.fr\/site\/wp-content\/uploads\/cache\/2019\/08\/giteau-10\/3772186481.jpg\" class=\"fg-image\" \/><\/span><\/a><figcaption class=\"fg-caption\"><div class=\"fg-caption-inner\"><\/div><\/figcaption><\/figure><div class=\"fg-loader\"><\/div><\/div><div class=\"fg-item\"><figure class=\"fg-item-inner\"><a href=\"http:\/\/chatteriefelynxs.fr\/site\/wp-content\/uploads\/2019\/08\/giteau-9.jpg\" data-attachment-id=\"271\" class=\"fg-thumb\"><span class=\"fg-image-wrap\"><img width=\"130\" height=\"130\" data-src-fg=\"http:\/\/chatteriefelynxs.fr\/site\/wp-content\/uploads\/cache\/2019\/08\/giteau-9\/3178016285.jpg\" class=\"fg-image\" \/><\/span><\/a><figcaption class=\"fg-caption\"><div class=\"fg-caption-inner\"><\/div><\/figcaption><\/figure><div class=\"fg-loader\"><\/div><\/div><div class=\"fg-item\"><figure class=\"fg-item-inner\"><a href=\"http:\/\/chatteriefelynxs.fr\/site\/wp-content\/uploads\/2019\/08\/giteau-8.jpg\" data-attachment-id=\"270\" class=\"fg-thumb\"><span class=\"fg-image-wrap\"><img width=\"130\" height=\"130\" data-src-fg=\"http:\/\/chatteriefelynxs.fr\/site\/wp-content\/uploads\/cache\/2019\/08\/giteau-8\/3442477900.jpg\" class=\"fg-image\" \/><\/span><\/a><figcaption class=\"fg-caption\"><div class=\"fg-caption-inner\"><\/div><\/figcaption><\/figure><div class=\"fg-loader\"><\/div><\/div><div class=\"fg-item\"><figure class=\"fg-item-inner\"><a href=\"http:\/\/chatteriefelynxs.fr\/site\/wp-content\/uploads\/2019\/08\/giteau-6.jpg\" data-attachment-id=\"268\" class=\"fg-thumb\"><span class=\"fg-image-wrap\"><img width=\"130\" height=\"130\" data-src-fg=\"http:\/\/chatteriefelynxs.fr\/site\/wp-content\/uploads\/cache\/2019\/08\/giteau-6\/876547397.jpg\" class=\"fg-image\" \/><\/span><\/a><figcaption class=\"fg-caption\"><div class=\"fg-caption-inner\"><\/div><\/figcaption><\/figure><div class=\"fg-loader\"><\/div><\/div><div class=\"fg-item\"><figure class=\"fg-item-inner\"><a href=\"http:\/\/chatteriefelynxs.fr\/site\/wp-content\/uploads\/2019\/08\/giteau-7.jpg\" data-attachment-id=\"269\" class=\"fg-thumb\"><span class=\"fg-image-wrap\"><img width=\"130\" height=\"130\" data-src-fg=\"http:\/\/chatteriefelynxs.fr\/site\/wp-content\/uploads\/cache\/2019\/08\/giteau-7\/1147381780.jpg\" class=\"fg-image\" \/><\/span><\/a><figcaption class=\"fg-caption\"><div class=\"fg-caption-inner\"><\/div><\/figcaption><\/figure><div class=\"fg-loader\"><\/div><\/div><div class=\"fg-item\"><figure class=\"fg-item-inner\"><a href=\"http:\/\/chatteriefelynxs.fr\/site\/wp-content\/uploads\/2019\/08\/giteau-5.jpg\" data-attachment-id=\"267\" class=\"fg-thumb\"><span class=\"fg-image-wrap\"><img width=\"130\" height=\"130\" data-src-fg=\"http:\/\/chatteriefelynxs.fr\/site\/wp-content\/uploads\/cache\/2019\/08\/giteau-5\/3715187446.jpg\" class=\"fg-image\" \/><\/span><\/a><figcaption class=\"fg-caption\"><div class=\"fg-caption-inner\"><\/div><\/figcaption><\/figure><div class=\"fg-loader\"><\/div><\/div><div class=\"fg-item\"><figure class=\"fg-item-inner\"><a href=\"http:\/\/chatteriefelynxs.fr\/site\/wp-content\/uploads\/2019\/08\/giteau-4.jpg\" data-attachment-id=\"266\" class=\"fg-thumb\"><span class=\"fg-image-wrap\"><img width=\"130\" height=\"130\" data-src-fg=\"http:\/\/chatteriefelynxs.fr\/site\/wp-content\/uploads\/cache\/2019\/08\/giteau-4\/2905466791.jpg\" class=\"fg-image\" \/><\/span><\/a><figcaption class=\"fg-caption\"><div class=\"fg-caption-inner\"><\/div><\/figcaption><\/figure><div class=\"fg-loader\"><\/div><\/div><div class=\"fg-item\"><figure class=\"fg-item-inner\"><a href=\"http:\/\/chatteriefelynxs.fr\/site\/wp-content\/uploads\/2019\/08\/giteau-3.jpg\" data-attachment-id=\"265\" class=\"fg-thumb\"><span class=\"fg-image-wrap\"><img width=\"130\" height=\"130\" data-src-fg=\"http:\/\/chatteriefelynxs.fr\/site\/wp-content\/uploads\/cache\/2019\/08\/giteau-3\/3112306350.jpg\" class=\"fg-image\" \/><\/span><\/a><figcaption class=\"fg-caption\"><div class=\"fg-caption-inner\"><\/div><\/figcaption><\/figure><div class=\"fg-loader\"><\/div><\/div><div class=\"fg-item\"><figure class=\"fg-item-inner\"><a href=\"http:\/\/chatteriefelynxs.fr\/site\/wp-content\/uploads\/2019\/08\/giteau-2.jpg\" data-attachment-id=\"264\" class=\"fg-thumb\"><span class=\"fg-image-wrap\"><img width=\"130\" height=\"130\" data-src-fg=\"http:\/\/chatteriefelynxs.fr\/site\/wp-content\/uploads\/cache\/2019\/08\/giteau-2\/3386811391.jpg\" class=\"fg-image\" \/><\/span><\/a><figcaption class=\"fg-caption\"><div class=\"fg-caption-inner\"><\/div><\/figcaption><\/figure><div class=\"fg-loader\"><\/div><\/div><div class=\"fg-item\"><figure class=\"fg-item-inner\"><a href=\"http:\/\/chatteriefelynxs.fr\/site\/wp-content\/uploads\/2019\/08\/giteau-1.jpg\" data-attachment-id=\"263\" class=\"fg-thumb\"><span class=\"fg-image-wrap\"><img width=\"130\" height=\"130\" data-src-fg=\"http:\/\/chatteriefelynxs.fr\/site\/wp-content\/uploads\/cache\/2019\/08\/giteau-1\/3346190835.jpg\" class=\"fg-image\" \/><\/span><\/a><figcaption class=\"fg-caption\"><div class=\"fg-caption-inner\"><\/div><\/figcaption><\/figure><div class=\"fg-loader\"><\/div><\/div><\/div>\r\n\n","protected":false},"excerpt":{"rendered":"<p>dit \u00ab\u00a0Giteau\u00a0\u00bb M\u00e2le neutre &#8211; N\u00e9 le 19\/10\/2014 Red smoke (MCO ds) Poids : 8kg P\u00e8re : Goliath du G\u00e9ant Bleu M\u00e8re : Jonda de la Caverne des Lynx Pedigree Notre ours polaire de la maison ! C\u2019est notre 1er Coon et avec qui l\u2019aventure a commenc\u00e9 en 2015 ! C\u2019est un chat tr\u00e8s attachant, <a class=\"read-more\" href=\"http:\/\/chatteriefelynxs.fr\/site\/pr-joker-de-laf-91216\/\">Read More<\/a><\/p>\n","protected":false},"author":1,"featured_media":0,"parent":0,"menu_order":0,"comment_status":"closed","ping_status":"closed","template":"","meta":{"footnotes":""},"class_list":["post-260","page","type-page","status-publish","hentry"],"_links":{"self":[{"href":"http:\/\/chatteriefelynxs.fr\/site\/wp-json\/wp\/v2\/pages\/260","targetHints":{"allow":["GET"]}}],"collection":[{"href":"http:\/\/chatteriefelynxs.fr\/site\/wp-json\/wp\/v2\/pages"}],"about":[{"href":"http:\/\/chatteriefelynxs.fr\/site\/wp-json\/wp\/v2\/types\/page"}],"author":[{"embeddable":true,"href":"http:\/\/chatteriefelynxs.fr\/site\/wp-json\/wp\/v2\/users\/1"}],"replies":[{"embeddable":true,"href":"http:\/\/chatteriefelynxs.fr\/site\/wp-json\/wp\/v2\/comments?post=260"}],"version-history":[{"count":9,"href":"http:\/\/chatteriefelynxs.fr\/site\/wp-json\/wp\/v2\/pages\/260\/revisions"}],"predecessor-version":[{"id":558,"href":"http:\/\/chatteriefelynxs.fr\/site\/wp-json\/wp\/v2\/pages\/260\/revisions\/558"}],"wp:attachment":[{"href":"http:\/\/chatteriefelynxs.fr\/site\/wp-json\/wp\/v2\/media?parent=260"}],"curies":[{"name":"wp","href":"https:\/\/api.w.org\/{rel}","templated":true}]}}