{"id":163,"date":"2019-08-03T15:41:07","date_gmt":"2019-08-03T14:41:07","guid":{"rendered":"http:\/\/chatteriefelynxs.fr\/site\/?page_id=163"},"modified":"2019-08-06T20:06:37","modified_gmt":"2019-08-06T19:06:37","slug":"portee-1","status":"publish","type":"page","link":"http:\/\/chatteriefelynxs.fr\/site\/portee-1\/","title":{"rendered":"Port\u00e9e 1"},"content":{"rendered":"<h3>N\u00e9s le 21 janvier 2019<\/h3>\n<table id=\"evenement\">\n<tbody>\n<tr>\n<td valign=\"middle\" width=\"33%\"><img loading=\"lazy\" decoding=\"async\" class=\"size-full wp-image-304 aligncenter\" src=\"http:\/\/chatteriefelynxs.fr\/site\/wp-content\/uploads\/2019\/08\/pere-portee1.jpg\" alt=\"\" width=\"240\" height=\"300\" \/><\/td>\n<td valign=\"middle\" width=\"33%\"><\/td>\n<td style=\"text-align: center;\" valign=\"middle\" width=\"33%\"><img loading=\"lazy\" decoding=\"async\" class=\"alignnone size-full wp-image-303\" src=\"http:\/\/chatteriefelynxs.fr\/site\/wp-content\/uploads\/2019\/08\/romy-vignette.jpg\" alt=\"\" width=\"240\" height=\"300\" \/><\/td>\n<\/tr>\n<tr>\n<td style=\"text-align: center;\" valign=\"middle\" width=\"33%\"><span class=\"_5yl5\">Mainefield\u2019s Wolf\u2019s Shadow<\/span><\/td>\n<td style=\"text-align: center;\" valign=\"middle\" width=\"33%\"><\/td>\n<td style=\"text-align: center;\" valign=\"middle\" width=\"33%\">Summerplace Romina<\/td>\n<\/tr>\n<\/tbody>\n<\/table>\n<p style=\"text-align: center;\"><span class=\"_5yl5\"><a href=\"https:\/\/pawpeds.com\/db\/?a=p&amp;ids=3:1406575;2:1406576&amp;g=4&amp;p=mco&amp;date=iso&amp;o=ajgrep\" target=\"_blank\" rel=\"noopener noreferrer\">Pedigree<\/a><\/span><\/p>\n<table id=\"&quot;\">\n<tbody>\n<tr>\n<td style=\"text-align: left;\" valign=\"middle\" width=\"30%\"><strong>Felynx\u2019s Parker<\/strong><\/td>\n<td valign=\"middle\" width=\"20%\">M\u00e2le<\/td>\n<td style=\"text-align: left;\" valign=\"middle\" width=\"30%\">Brown blotched tabby et blanc<\/td>\n<td style=\"text-align: left;\" valign=\"middle\" width=\"20%\">Dans sa famille<\/td>\n<\/tr>\n<tr>\n<td style=\"text-align: left;\" valign=\"middle\" width=\"30%\"><strong><span class=\"_5yl5\">Felynx&rsquo;s Queen Victoria<\/span><\/strong><\/td>\n<td style=\"text-align: left;\" valign=\"middle\" width=\"20%\">Femelle<\/td>\n<td style=\"text-align: left;\" valign=\"middle\" width=\"30%\">Brown blotched tabby et blanc<\/td>\n<td style=\"text-align: left;\" valign=\"middle\" width=\"20%\">R\u00e9serv\u00e9e<\/td>\n<\/tr>\n<tr>\n<td style=\"text-align: left;\" valign=\"middle\" width=\"30%\">\n<div class=\"_5w1r _3_om _5wdf\">\n<div class=\"_4gx_\">\n<div class=\"_1aa6\">\n<div class=\"\"><strong><span class=\"_5yl5\">Felynx\u2019s Playboy<\/span><\/strong><\/div>\n<\/div>\n<\/div>\n<\/div>\n<\/td>\n<td style=\"text-align: left;\" valign=\"middle\" width=\"20%\">M\u00e2le<\/td>\n<td style=\"text-align: left;\" valign=\"middle\" width=\"30%\">Brown blotched tabby<\/td>\n<td style=\"text-align: left;\" valign=\"middle\" width=\"20%\">R\u00e9serv\u00e9<\/td>\n<\/tr>\n<\/tbody>\n<\/table>\n<h3>Galerie photos<\/h3>\n<div class=\"foogallery foogallery-container foogallery-default foogallery-lightbox-foobox fg-gutter-10 fg-center fg-default fg-light fg-shadow-outline fg-loading-default fg-loaded-fade-in fg-custom fg-caption-hover fg-hover-fade fg-hover-zoom\" id=\"foogallery-gallery-320\" data-foogallery=\"{&quot;item&quot;:{&quot;showCaptionTitle&quot;:true,&quot;showCaptionDescription&quot;:true},&quot;lazy&quot;:true,&quot;src&quot;:&quot;data-src-fg&quot;,&quot;srcset&quot;:&quot;data-srcset-fg&quot;}\" data-fg-common-fields=\"1\" >\r\n\t<div class=\"fg-item\"><figure class=\"fg-item-inner\"><a href=\"http:\/\/chatteriefelynxs.fr\/site\/wp-content\/uploads\/2019\/08\/parker.jpg\" data-caption-title=\"Parker\" data-attachment-id=\"322\" class=\"fg-thumb\"><span class=\"fg-image-wrap\"><img title=\"Parker\" width=\"240\" height=\"240\" data-src-fg=\"http:\/\/chatteriefelynxs.fr\/site\/wp-content\/uploads\/cache\/2019\/08\/parker\/1015212662.jpg\" class=\"fg-image\" \/><\/span><\/a><figcaption class=\"fg-caption\"><div class=\"fg-caption-inner\"><div class=\"fg-caption-title\">Parker<\/div><\/div><\/figcaption><\/figure><div class=\"fg-loader\"><\/div><\/div><div class=\"fg-item\"><figure class=\"fg-item-inner\"><a href=\"http:\/\/chatteriefelynxs.fr\/site\/wp-content\/uploads\/2019\/08\/queenvictoria.jpg\" data-caption-title=\"Queen Victoria\" data-attachment-id=\"324\" class=\"fg-thumb\"><span class=\"fg-image-wrap\"><img title=\"Queen Victoria\" width=\"240\" height=\"240\" data-src-fg=\"http:\/\/chatteriefelynxs.fr\/site\/wp-content\/uploads\/cache\/2019\/08\/queenvictoria\/4133435030.jpg\" class=\"fg-image\" \/><\/span><\/a><figcaption class=\"fg-caption\"><div class=\"fg-caption-inner\"><div class=\"fg-caption-title\">Queen Victoria<\/div><\/div><\/figcaption><\/figure><div class=\"fg-loader\"><\/div><\/div><div class=\"fg-item\"><figure class=\"fg-item-inner\"><a href=\"http:\/\/chatteriefelynxs.fr\/site\/wp-content\/uploads\/2019\/08\/playboy.jpg\" data-caption-title=\"Playboy\" data-attachment-id=\"323\" class=\"fg-thumb\"><span class=\"fg-image-wrap\"><img title=\"Playboy\" width=\"240\" height=\"240\" data-src-fg=\"http:\/\/chatteriefelynxs.fr\/site\/wp-content\/uploads\/cache\/2019\/08\/playboy\/1043805876.jpg\" class=\"fg-image\" \/><\/span><\/a><figcaption class=\"fg-caption\"><div class=\"fg-caption-inner\"><div class=\"fg-caption-title\">Playboy<\/div><\/div><\/figcaption><\/figure><div class=\"fg-loader\"><\/div><\/div><div class=\"fg-item\"><figure class=\"fg-item-inner\"><a href=\"http:\/\/chatteriefelynxs.fr\/site\/wp-content\/uploads\/2019\/08\/tous-4.jpg\" data-caption-title=\"La port\u00e9e\" data-attachment-id=\"318\" class=\"fg-thumb\"><span class=\"fg-image-wrap\"><img title=\"La port\u00e9e\" width=\"240\" height=\"240\" data-src-fg=\"http:\/\/chatteriefelynxs.fr\/site\/wp-content\/uploads\/cache\/2019\/08\/tous-4\/342672935.jpg\" class=\"fg-image\" \/><\/span><\/a><figcaption class=\"fg-caption\"><div class=\"fg-caption-inner\"><div class=\"fg-caption-title\">La port\u00e9e<\/div><\/div><\/figcaption><\/figure><div class=\"fg-loader\"><\/div><\/div><div class=\"fg-item\"><figure class=\"fg-item-inner\"><a href=\"http:\/\/chatteriefelynxs.fr\/site\/wp-content\/uploads\/2019\/08\/tous-3.jpg\" data-caption-title=\"La port\u00e9e\" data-attachment-id=\"317\" class=\"fg-thumb\"><span class=\"fg-image-wrap\"><img title=\"La port\u00e9e\" width=\"240\" height=\"240\" data-src-fg=\"http:\/\/chatteriefelynxs.fr\/site\/wp-content\/uploads\/cache\/2019\/08\/tous-3\/1884567151.jpg\" class=\"fg-image\" \/><\/span><\/a><figcaption class=\"fg-caption\"><div class=\"fg-caption-inner\"><div class=\"fg-caption-title\">La port\u00e9e<\/div><\/div><\/figcaption><\/figure><div class=\"fg-loader\"><\/div><\/div><div class=\"fg-item\"><figure class=\"fg-item-inner\"><a href=\"http:\/\/chatteriefelynxs.fr\/site\/wp-content\/uploads\/2019\/08\/tous-2.jpg\" data-caption-title=\"La port\u00e9e\" data-attachment-id=\"316\" class=\"fg-thumb\"><span class=\"fg-image-wrap\"><img title=\"La port\u00e9e\" width=\"240\" height=\"240\" data-src-fg=\"http:\/\/chatteriefelynxs.fr\/site\/wp-content\/uploads\/cache\/2019\/08\/tous-2\/624301822.jpg\" class=\"fg-image\" \/><\/span><\/a><figcaption class=\"fg-caption\"><div class=\"fg-caption-inner\"><div class=\"fg-caption-title\">La port\u00e9e<\/div><\/div><\/figcaption><\/figure><div class=\"fg-loader\"><\/div><\/div><div class=\"fg-item\"><figure class=\"fg-item-inner\"><a href=\"http:\/\/chatteriefelynxs.fr\/site\/wp-content\/uploads\/2019\/08\/tous-1.jpg\" data-caption-title=\"La port\u00e9e\" data-attachment-id=\"315\" class=\"fg-thumb\"><span class=\"fg-image-wrap\"><img title=\"La port\u00e9e\" width=\"240\" height=\"240\" data-src-fg=\"http:\/\/chatteriefelynxs.fr\/site\/wp-content\/uploads\/cache\/2019\/08\/tous-1\/3666900813.jpg\" class=\"fg-image\" \/><\/span><\/a><figcaption class=\"fg-caption\"><div class=\"fg-caption-inner\"><div class=\"fg-caption-title\">La port\u00e9e<\/div><\/div><\/figcaption><\/figure><div class=\"fg-loader\"><\/div><\/div><\/div>\r\n\n","protected":false},"excerpt":{"rendered":"<p>N\u00e9s le 21 janvier 2019 Mainefield\u2019s Wolf\u2019s Shadow Summerplace Romina Pedigree Felynx\u2019s Parker M\u00e2le Brown blotched tabby et blanc Dans sa famille Felynx&rsquo;s Queen Victoria Femelle Brown blotched tabby et blanc R\u00e9serv\u00e9e Felynx\u2019s Playboy M\u00e2le Brown blotched tabby R\u00e9serv\u00e9 Galerie photos<\/p>\n","protected":false},"author":1,"featured_media":0,"parent":0,"menu_order":0,"comment_status":"closed","ping_status":"closed","template":"","meta":{"footnotes":""},"class_list":["post-163","page","type-page","status-publish","hentry"],"_links":{"self":[{"href":"http:\/\/chatteriefelynxs.fr\/site\/wp-json\/wp\/v2\/pages\/163","targetHints":{"allow":["GET"]}}],"collection":[{"href":"http:\/\/chatteriefelynxs.fr\/site\/wp-json\/wp\/v2\/pages"}],"about":[{"href":"http:\/\/chatteriefelynxs.fr\/site\/wp-json\/wp\/v2\/types\/page"}],"author":[{"embeddable":true,"href":"http:\/\/chatteriefelynxs.fr\/site\/wp-json\/wp\/v2\/users\/1"}],"replies":[{"embeddable":true,"href":"http:\/\/chatteriefelynxs.fr\/site\/wp-json\/wp\/v2\/comments?post=163"}],"version-history":[{"count":9,"href":"http:\/\/chatteriefelynxs.fr\/site\/wp-json\/wp\/v2\/pages\/163\/revisions"}],"predecessor-version":[{"id":321,"href":"http:\/\/chatteriefelynxs.fr\/site\/wp-json\/wp\/v2\/pages\/163\/revisions\/321"}],"wp:attachment":[{"href":"http:\/\/chatteriefelynxs.fr\/site\/wp-json\/wp\/v2\/media?parent=163"}],"curies":[{"name":"wp","href":"https:\/\/api.w.org\/{rel}","templated":true}]}}